{"id":12373,"date":"2024-10-11T16:38:48","date_gmt":"2024-10-11T14:38:48","guid":{"rendered":"https:\/\/www.risoscotti.com\/?post_type=recipes&#038;p=12373"},"modified":"2024-10-11T16:41:26","modified_gmt":"2024-10-11T14:41:26","slug":"risotto-mit-kuerbis-und-schwarzem-pfeffer","status":"publish","type":"recipes","link":"https:\/\/www.risoscotti.com\/de\/recipes\/risotto-mit-kuerbis-und-schwarzem-pfeffer\/","title":{"rendered":"Risotto mit K\u00fcrbis und schwarzem Pfeffer"},"content":{"rendered":"<div class=\"fusion-fullwidth fullwidth-box fusion-builder-row-1 recipe-row2 Max-w-1420 pad-new nonhundred-percent-fullwidth non-hundred-percent-height-scrolling\" style=\"background-color: rgba(255,255,255,0);background-position: center center;background-repeat: no-repeat;padding-top:0px;padding-right:0px;padding-bottom:0px;padding-left:0px;margin-bottom: 0px;margin-top: 0px;border-width: 0px 0px 0px 0px;border-color:#eae9e9;border-style:solid;\" ><div class=\"fusion-builder-row fusion-row\"><div class=\"fusion-layout-column fusion_builder_column fusion-builder-column-0 fusion_builder_column_1_2 1_2 fusion-one-half fusion-column-first recipe-row2-int-sx\" style=\"width:50%;width:calc(50% - ( ( 0 ) * 0.5 ) );margin-right: 0px;margin-top:0px;margin-bottom:0px;\"><div class=\"fusion-column-wrapper fusion-flex-column-wrapper-legacy\" style=\"background-position:left top;background-repeat:no-repeat;-webkit-background-size:cover;-moz-background-size:cover;-o-background-size:cover;background-size:cover;padding: 0px 0px 0px 0px;\"><div class=\"fusion-text fusion-text-1 recipe-row3__txt\"><p><b>ZUTATEN<br \/>\n<\/b><strong>2 Portionen<span class=\"Apple-converted-space\">\u00a0<\/span><\/strong><\/p>\n<ul>\n<li>180 g Carnaroli Scotti<\/li>\n<li>180 g K\u00fcrbis, gesch\u00e4lt<\/li>\n<li>40 g wei\u00dfe Zwiebel<\/li>\n<li>1 \u00bd l warme Gem\u00fcsebr\u00fche<\/li>\n<li>45 g kalte Butter, in St\u00fccke geschnitten<\/li>\n<li>40 g Parmigiano Reggiano, gerieben<\/li>\n<li>Natives \u00d6liven\u00f6l extra, Salz, schwarzer Pfeffer nach Belieben<\/li>\n<li>Frische Salbeibl\u00e4tter<span class=\"Apple-converted-space\">\u00a0<\/span><\/li>\n<\/ul>\n<p><b>ZUBEREITUNG<\/b><\/p>\n<ul>\n<li>Die Zwiebel fein hacken<\/li>\n<li>Den K\u00fcrbis w\u00fcrfeln<\/li>\n<li>Die Zwiebel in einer Pfanne mit einem Schuss natives Oliven\u00f6l anbraten Sobald die Zwiebel goldgelb ist, die K\u00fcrbisw\u00fcrfel hinzuf\u00fcgen, salzen, einen Sch\u00f6pfl\u00f6ffel kochendes Wasser hinzugeben und bei geringer Hitze 10 Minuten d\u00fcnsten.<\/li>\n<li>Den Carnaroli-Reis in einem Topf erhitzen, bis er glasig ist. Einen Sch\u00f6pfl\u00f6ffel kochende Gem\u00fcsebr\u00fche hinzuf\u00fcgen und verdampfen lassen. Einen weiteren Sch\u00f6pfl\u00f6ffel Br\u00fche hinzugeben und weitergaren. Mit einer Prise Salz w\u00fcrzen.<\/li>\n<li>W\u00e4hrend des Garens weiterhin Br\u00fche hinzuf\u00fcgen.<\/li>\n<li>Den K\u00fcrbis in einen Mixer geben und p\u00fcrieren, bis eine weiche, glatte Creme entstanden ist.<\/li>\n<li>Wenn der Reis zu \u00be gar ist, die K\u00fcrbiscreme hinzuf\u00fcgen. Ggf. mit Salz abschmecken.<\/li>\n<li>Wenn der Reis gar ist, den Topf von der Kochstelle nehmen, die Butter und den Parmesan hinzuf\u00fcgen und vermengen. Den schwarzen Pfeffer hinzuf\u00fcgen.<\/li>\n<li>Den Reis anrichten, mit Salbei und frisch gemahlenem Pfeffer garnieren und hei\u00df servieren.<\/li>\n<\/ul>\n<\/div><div class=\"fusion-clearfix\"><\/div><\/div><\/div><div class=\"fusion-layout-column fusion_builder_column fusion-builder-column-1 fusion_builder_column_1_2 1_2 fusion-one-half fusion-column-last recipe-row2-int-dx\" style=\"width:50%;width:calc(50% - ( ( 0 ) * 0.5 ) );margin-top:0px;margin-bottom:0px;\"><div class=\"fusion-column-wrapper fusion-flex-column-wrapper-legacy\" style=\"background-position:left top;background-repeat:no-repeat;-webkit-background-size:cover;-moz-background-size:cover;-o-background-size:cover;background-size:cover;padding: 0px 0px 0px 0px;\"><iframe width=\"582\" height=\"1035\" src=\"https:\/\/www.youtube.com\/embed\/cmUcC08lAng\" title=\"Risotto mit K\u00fcrbis und schwarzem Pfeffer\" frameborder=\"0\" allow=\"accelerometer; autoplay; clipboard-write; encrypted-media; gyroscope; picture-in-picture; web-share\" referrerpolicy=\"strict-origin-when-cross-origin\" allowfullscreen><\/iframe><div class=\"fusion-clearfix\"><\/div><\/div><\/div><\/div><\/div>\n","protected":false},"featured_media":12378,"parent":0,"template":"","recipe_hashtag":[139,202],"yoast_head":"<!-- This site is optimized with the Yoast SEO plugin v16.2 - https:\/\/yoast.com\/wordpress\/plugins\/seo\/ -->\n<title>Risotto mit K\u00fcrbis und schwarzem Pfeffer - Riso Scotti SPA<\/title>\n<meta name=\"robots\" content=\"index, follow, max-snippet:-1, max-image-preview:large, max-video-preview:-1\" \/>\n<link rel=\"canonical\" href=\"https:\/\/www.risoscotti.com\/de\/recipes\/risotto-mit-kuerbis-und-schwarzem-pfeffer\/\" \/>\n<meta property=\"og:locale\" content=\"de_DE\" \/>\n<meta property=\"og:type\" content=\"article\" \/>\n<meta property=\"og:title\" content=\"Risotto mit K\u00fcrbis und schwarzem Pfeffer - Riso Scotti SPA\" \/>\n<meta property=\"og:url\" content=\"https:\/\/www.risoscotti.com\/de\/recipes\/risotto-mit-kuerbis-und-schwarzem-pfeffer\/\" \/>\n<meta property=\"og:site_name\" content=\"Riso Scotti SPA\" \/>\n<meta property=\"article:modified_time\" content=\"2024-10-11T14:41:26+00:00\" \/>\n<meta property=\"og:image\" content=\"https:\/\/www.risoscotti.com\/wp-content\/uploads\/2024\/10\/risotto-zucca-pepe-nero.jpg\" \/>\n\t<meta property=\"og:image:width\" content=\"800\" \/>\n\t<meta property=\"og:image:height\" content=\"800\" \/>\n<meta name=\"twitter:card\" content=\"summary_large_image\" \/>\n<meta name=\"twitter:label1\" content=\"Gesch\u00e4tzte Lesezeit\">\n\t<meta name=\"twitter:data1\" content=\"2\u00a0Minuten\">\n<script type=\"application\/ld+json\" class=\"yoast-schema-graph\">{\"@context\":\"https:\/\/schema.org\",\"@graph\":[{\"@type\":\"WebSite\",\"@id\":\"https:\/\/www.risoscotti.com\/#website\",\"url\":\"https:\/\/www.risoscotti.com\/\",\"name\":\"Riso Scotti SPA\",\"description\":\"Da oltre 150 anni diamo pi\\u00f9 valore al Riso.\",\"potentialAction\":[{\"@type\":\"SearchAction\",\"target\":\"https:\/\/www.risoscotti.com\/?s={search_term_string}\",\"query-input\":\"required name=search_term_string\"}],\"inLanguage\":\"de\"},{\"@type\":\"ImageObject\",\"@id\":\"https:\/\/www.risoscotti.com\/de\/recipes\/risotto-mit-kuerbis-und-schwarzem-pfeffer\/#primaryimage\",\"inLanguage\":\"de\",\"url\":\"https:\/\/www.risoscotti.com\/wp-content\/uploads\/2024\/10\/risotto-zucca-pepe-nero.jpg\",\"contentUrl\":\"https:\/\/www.risoscotti.com\/wp-content\/uploads\/2024\/10\/risotto-zucca-pepe-nero.jpg\",\"width\":800,\"height\":800},{\"@type\":\"WebPage\",\"@id\":\"https:\/\/www.risoscotti.com\/de\/recipes\/risotto-mit-kuerbis-und-schwarzem-pfeffer\/#webpage\",\"url\":\"https:\/\/www.risoscotti.com\/de\/recipes\/risotto-mit-kuerbis-und-schwarzem-pfeffer\/\",\"name\":\"Risotto mit K\\u00fcrbis und schwarzem Pfeffer - Riso Scotti SPA\",\"isPartOf\":{\"@id\":\"https:\/\/www.risoscotti.com\/#website\"},\"primaryImageOfPage\":{\"@id\":\"https:\/\/www.risoscotti.com\/de\/recipes\/risotto-mit-kuerbis-und-schwarzem-pfeffer\/#primaryimage\"},\"datePublished\":\"2024-10-11T14:38:48+00:00\",\"dateModified\":\"2024-10-11T14:41:26+00:00\",\"breadcrumb\":{\"@id\":\"https:\/\/www.risoscotti.com\/de\/recipes\/risotto-mit-kuerbis-und-schwarzem-pfeffer\/#breadcrumb\"},\"inLanguage\":\"de\",\"potentialAction\":[{\"@type\":\"ReadAction\",\"target\":[\"https:\/\/www.risoscotti.com\/de\/recipes\/risotto-mit-kuerbis-und-schwarzem-pfeffer\/\"]}]},{\"@type\":\"BreadcrumbList\",\"@id\":\"https:\/\/www.risoscotti.com\/de\/recipes\/risotto-mit-kuerbis-und-schwarzem-pfeffer\/#breadcrumb\",\"itemListElement\":[{\"@type\":\"ListItem\",\"position\":1,\"item\":{\"@type\":\"WebPage\",\"@id\":\"https:\/\/www.risoscotti.com\/de\/home\/\",\"url\":\"https:\/\/www.risoscotti.com\/de\/home\/\",\"name\":\"Home\"}},{\"@type\":\"ListItem\",\"position\":2,\"item\":{\"@id\":\"https:\/\/www.risoscotti.com\/de\/recipes\/risotto-mit-kuerbis-und-schwarzem-pfeffer\/#webpage\"}}]}]}<\/script>\n<!-- \/ Yoast SEO plugin. -->","_links":{"self":[{"href":"https:\/\/www.risoscotti.com\/de\/wp-json\/wp\/v2\/recipes\/12373"}],"collection":[{"href":"https:\/\/www.risoscotti.com\/de\/wp-json\/wp\/v2\/recipes"}],"about":[{"href":"https:\/\/www.risoscotti.com\/de\/wp-json\/wp\/v2\/types\/recipes"}],"wp:featuredmedia":[{"embeddable":true,"href":"https:\/\/www.risoscotti.com\/de\/wp-json\/wp\/v2\/media\/12378"}],"wp:attachment":[{"href":"https:\/\/www.risoscotti.com\/de\/wp-json\/wp\/v2\/media?parent=12373"}],"wp:term":[{"taxonomy":"recipe_hashtag","embeddable":true,"href":"https:\/\/www.risoscotti.com\/de\/wp-json\/wp\/v2\/recipe_hashtag?post=12373"}],"curies":[{"name":"wp","href":"https:\/\/api.w.org\/{rel}","templated":true}]}}

Risotto mit Kürbis und schwarzem Pfeffer

<div class="fusion-fullwidth fullwidth-box fusion-builder-row-1 recipe-row2 Max-w-1420 pad-new nonhundred-percent-fullwidth non-hundred-percent-height-scrolling" style="background-color: rgba(255,255,255,0);background-position: center center;background-repeat: no-repeat;padding-top:0px;padding-right:0px;padding-bottom:0px;padding-left:0px;margin-bottom: 0px;margin-top: 0px;border-width: 0px 0px 0px 0px;border-color:#eae9e9;border-style:solid;" ><div class="fusion-builder-row fusion-row"><div class="fusion-layout-column fusion_builder_column fusion-builder-column-0 fusion_builder_column_1_2 1_2 fusion-one-half fusion-column-first recipe-row2-int-sx" style="width:50%;width:calc(50% - ( ( 0 ) * 0.5 ) );margin-right: 0px;margin-top:0px;margin-bottom:0px;"><div class="fusion-column-wrapper fusion-flex-column-wrapper-legacy" style="background-position:left top;background-repeat:no-repeat;-webkit-background-size:cover;-moz-background-size:cover;-o-background-size:cover;background-size:cover;padding: 0px 0px 0px 0px;"><div class="fusion-text fusion-text-1 recipe-row3__txt"><p><b>ZUTATEN<br />
</b><strong>2 Portionen<span class="Apple-converted-space"> </span></strong></p>
<ul>
<li>180 g Carnaroli Scotti</li>
<li>180 g Kürbis, geschält</li>
<li>40 g weiße Zwiebel</li>
<li>1 ½ l warme Gemüsebrühe</li>
<li>45 g kalte Butter, in Stücke geschnitten</li>
<li>40 g Parmigiano Reggiano, gerieben</li>
<li>Natives Ölivenöl extra, Salz, schwarzer Pfeffer nach Belieben</li>
<li>Frische Salbeiblätter<span class="Apple-converted-space"> </span></li>
</ul>
<p><b>ZUBEREITUNG</b></p>
<ul>
<li>Die Zwiebel fein hacken</li>
<li>Den Kürbis würfeln</li>
<li>Die Zwiebel in einer Pfanne mit einem Schuss natives Olivenöl anbraten Sobald die Zwiebel goldgelb ist, die Kürbiswürfel hinzufügen, salzen, einen Schöpflöffel kochendes Wasser hinzugeben und bei geringer Hitze 10 Minuten dünsten.</li>
<li>Den Carnaroli-Reis in einem Topf erhitzen, bis er glasig ist. Einen Schöpflöffel kochende Gemüsebrühe hinzufügen und verdampfen lassen. Einen weiteren Schöpflöffel Brühe hinzugeben und weitergaren. Mit einer Prise Salz würzen.</li>
<li>Während des Garens weiterhin Brühe hinzufügen.</li>
<li>Den Kürbis in einen Mixer geben und pürieren, bis eine weiche, glatte Creme entstanden ist.</li>
<li>Wenn der Reis zu ¾ gar ist, die Kürbiscreme hinzufügen. Ggf. mit Salz abschmecken.</li>
<li>Wenn der Reis gar ist, den Topf von der Kochstelle nehmen, die Butter und den Parmesan hinzufügen und vermengen. Den schwarzen Pfeffer hinzufügen.</li>
<li>Den Reis anrichten, mit Salbei und frisch gemahlenem Pfeffer garnieren und heiß servieren.</li>
</ul>
</div><div class="fusion-clearfix"></div></div></div><div class="fusion-layout-column fusion_builder_column fusion-builder-column-1 fusion_builder_column_1_2 1_2 fusion-one-half fusion-column-last recipe-row2-int-dx" style="width:50%;width:calc(50% - ( ( 0 ) * 0.5 ) );margin-top:0px;margin-bottom:0px;"><div class="fusion-column-wrapper fusion-flex-column-wrapper-legacy" style="background-position:left top;background-repeat:no-repeat;-webkit-background-size:cover;-moz-background-size:cover;-o-background-size:cover;background-size:cover;padding: 0px 0px 0px 0px;"><iframe width="582" height="1035" src="https://www.youtube.com/embed/cmUcC08lAng" title="Risotto mit Kürbis und schwarzem Pfeffer" frameborder="0" allow="accelerometer; autoplay; clipboard-write; encrypted-media; gyroscope; picture-in-picture; web-share" referrerpolicy="strict-origin-when-cross-origin" allowfullscreen></iframe><div class="fusion-clearfix"></div></div></div></div></div>

<!-- This site is optimized with the Yoast SEO plugin v16.2 - https://yoast.com/wordpress/plugins/seo/ -->
<title>Risotto mit Kürbis und schwarzem Pfeffer - Riso Scotti SPA</title>
<meta name="robots" content="index, follow, max-snippet:-1, max-image-preview:large, max-video-preview:-1" />
<link rel="canonical" href="https://www.risoscotti.com/de/recipes/risotto-mit-kuerbis-und-schwarzem-pfeffer/" />
<meta property="og:locale" content="de_DE" />
<meta property="og:type" content="article" />
<meta property="og:title" content="Risotto mit Kürbis und schwarzem Pfeffer - Riso Scotti SPA" />
<meta property="og:url" content="https://www.risoscotti.com/de/recipes/risotto-mit-kuerbis-und-schwarzem-pfeffer/" />
<meta property="og:site_name" content="Riso Scotti SPA" />
<meta property="article:modified_time" content="2024-10-11T14:41:26+00:00" />
<meta property="og:image" content="https://www.risoscotti.com/wp-content/uploads/2024/10/risotto-zucca-pepe-nero.jpg" />
	<meta property="og:image:width" content="800" />
	<meta property="og:image:height" content="800" />
<meta name="twitter:card" content="summary_large_image" />
<meta name="twitter:label1" content="Geschätzte Lesezeit">
	<meta name="twitter:data1" content="2 Minuten">
<script type="application/ld+json" class="yoast-schema-graph">{"@context":"https://schema.org","@graph":[{"@type":"WebSite","@id":"https://www.risoscotti.com/#website","url":"https://www.risoscotti.com/","name":"Riso Scotti SPA","description":"Da oltre 150 anni diamo pi\u00f9 valore al Riso.","potentialAction":[{"@type":"SearchAction","target":"https://www.risoscotti.com/?s={search_term_string}","query-input":"required name=search_term_string"}],"inLanguage":"de"},{"@type":"ImageObject","@id":"https://www.risoscotti.com/de/recipes/risotto-mit-kuerbis-und-schwarzem-pfeffer/#primaryimage","inLanguage":"de","url":"https://www.risoscotti.com/wp-content/uploads/2024/10/risotto-zucca-pepe-nero.jpg","contentUrl":"https://www.risoscotti.com/wp-content/uploads/2024/10/risotto-zucca-pepe-nero.jpg","width":800,"height":800},{"@type":"WebPage","@id":"https://www.risoscotti.com/de/recipes/risotto-mit-kuerbis-und-schwarzem-pfeffer/#webpage","url":"https://www.risoscotti.com/de/recipes/risotto-mit-kuerbis-und-schwarzem-pfeffer/","name":"Risotto mit K\u00fcrbis und schwarzem Pfeffer - Riso Scotti SPA","isPartOf":{"@id":"https://www.risoscotti.com/#website"},"primaryImageOfPage":{"@id":"https://www.risoscotti.com/de/recipes/risotto-mit-kuerbis-und-schwarzem-pfeffer/#primaryimage"},"datePublished":"2024-10-11T14:38:48+00:00","dateModified":"2024-10-11T14:41:26+00:00","breadcrumb":{"@id":"https://www.risoscotti.com/de/recipes/risotto-mit-kuerbis-und-schwarzem-pfeffer/#breadcrumb"},"inLanguage":"de","potentialAction":[{"@type":"ReadAction","target":["https://www.risoscotti.com/de/recipes/risotto-mit-kuerbis-und-schwarzem-pfeffer/"]}]},{"@type":"BreadcrumbList","@id":"https://www.risoscotti.com/de/recipes/risotto-mit-kuerbis-und-schwarzem-pfeffer/#breadcrumb","itemListElement":[{"@type":"ListItem","position":1,"item":{"@type":"WebPage","@id":"https://www.risoscotti.com/de/home/","url":"https://www.risoscotti.com/de/home/","name":"Home"}},{"@type":"ListItem","position":2,"item":{"@id":"https://www.risoscotti.com/de/recipes/risotto-mit-kuerbis-und-schwarzem-pfeffer/#webpage"}}]}]}</script>
<!-- / Yoast SEO plugin. -->
